 be i(-6). Suppose 3*y - k = -f*y. What is the units digit of y?
2
Let y(g) = 143*g**2 - 8*g + 1. Let p be y(5). Suppose -p = -4*f - 9*f. What is the units digit of f?
2
Suppose 2*k - 22 = -126. What is the units digit of (6/8)/((-39)/k)?
1
Let y = 2782 + -448. What is the units digit of y?
4
Suppose 4*o - 3*b + 167 = 867, 160 = o + 3*b. What is the hundreds digit of o?
1
Let f(g) be the first derivative of g**2 + 24*g - 9. What is the units digit of f(-11)?
2
Let y be 46/(-10) - 21/(-35). Let h = y + 10. What is the units digit of h?
6
Suppose 26 = 5*q + 2*b - 28, 2*q = 4*b + 12. Let l = -31 + q. What is the units digit of l/(-2 - (2 - 3))?
1
Let h be ((-159)/9)/(3/(-9)). Suppose -2*b + h = -181. What is the units digit of b?
7
Suppose -15 = -5*l, 11*q - 5*l = 13*q - 4457. What is the units digit of q?
1
Let t(v) = 8*v - 4. Let w be t(1). Suppose -238 = -w*z - g + 174, g = -5*z + 516. What is the tens digit of z?
0
Let v(d) = d - 6. Let m be v(8). Suppose 5*k - m*y = 230, -k + 230 = 4*k + y. What is the tens digit of k?
4
Let a = -48 - -52. What is the tens digit of ((a - -2) + 32)/(2/4)?
7
Let z = 21 - 22. Let k be -3*z/((-9)/(-12)). Let t = 23 - k. What is the units digit of t?
9
Let y(c) = 79*c - 39*c + 50*c - 2. Let k be y(2). Suppose -t - 4*v + 37 = 0, 2*t + 2*t - k = -v. What is the tens digit of t?
4
Suppose 8 = 2*g, 5*d + 0*d = -2*g + 28. Let i be -1 - -86*2/d. Suppose -v = v - i. What is the tens digit of v?
2
Let y = 687 - 371. What is the hundreds digit of y?
3
Let c(j) = j - 2*j + 0*j + 2 - 1 + 2*j**2. What is the tens digit of c(7)?
9
Let n = 386 + -218. Suppose -n = -0*u + 2*u. Let s = u - -131. What is the units digit of s?
7
Let q(s) = -4*s - 1. Let a = 8 - 18. What is the units digit of q(a)?
9
Suppose 7*k - 2326 = 4*k + 4*h, -1546 = -2*k + 5*h. What is the tens digit of k?
7
Let d(y) = y**2 + 2*y - 3. Let h be d(2). Suppose 2*g - 6*g - 1 = -h*w, -2*g - w + 17 = 0. What is the tens digit of -9*g/2*-1?
2
Let m(o) = 24*o**2 + o. Let l be m(1). Suppose 4*t = i + 3*t - 19, 0 = 2*t + 10. Let q = l - i. What is the tens digit of q?
1
Let b be (-22)/(-6) + 2/6. Suppose -8 = 4*a, -198 + 14 = -4*f - b*a. What is the units digit of f?
8
Let a(w) = 45*w**2 - 8. What is the hundreds digit of a(-5)?
1
Let g = -14 + 22. Let a(p) = -147 - 4*p + 79 - 4*p + p**2 + 73. What is the units digit of a(g)?
5
Let w(j) = j**3 - 11*j**2 + 15*j - 6. Let v be w(10). Let a be (9/((-27)/80))/(2/(-6)). Suppose v = 2*i - a. What is the units digit of i?
2
Suppose 2*d + 4*l = 4898, -d = -2*l - 3115 + 650. What is the units digit of d?
7
What is the tens digit of ((-35)/(-15) - 2)*(3 + 3339)?
1
Suppose 2472 = 5*p + t, 18*t - 3 = 19*t. What is the units digit of p?
5
Suppose 5*s = -3*i - 10 + 44, s = 2*i - 1. Suppose 9 = 2*f - s. Suppose 180 = f*w - 2*w. What is the tens digit of w?
3
Let r be 724/4*(2 + -3). Let k = -65 - r. What is the hundreds digit of k?
1
Let o(i) = i**2 + 7*i - 20. Let w be o(-14). Suppose -s = l + 2*s - w, 5*l + s = 432. Let d = -55 + l. What is the tens digit of d?
3
What is the hundreds digit of 16/(-120) + 14710/75 - -6?
2
Suppose -4*p + 4*b + 17 - 65 = 0, 5*p - 3*b + 68 = 0. Suppose 3*j + 0 = -3. What is the units digit of (-11 - j)*p/40?
4
Let b = 1387 + -318. What is the units digit of b?
9
Let w(g) = g**3 - g**2 - g + 3. Let k be w(2). Suppose -k*m = 2*v - 0*v - 13, m = 4*v + 29. What is the units digit of (-188)/v - 9/27?
1
Let h be (-16)/4*-1 + 19. Suppose 3 = 5*u + h. Let a = 34 + u. What is the units digit of a?
0
Suppose -12*f + 3680 = -8*f. What is the units digit of f?
0
What is the units digit of ((-10)/(-25) + 1)*235?
9
Let v(o) = -30*o**3 - 1. Let i = 12 - 10. Suppose l = i*l + 1. What is the tens digit of v(l)?
2
Let b be 2 + -1 - (2 - 0) - -2. What is the hundreds digit of b + 16/4 + 204?
2
Let r = 202 + 369. What is the hundreds digit of r?
5
Suppose 0 = -5*t - 4*p + 3465, 2*t - 5*p = -2*p + 1363. What is the tens digit of t?
8
What is the units digit of (18 - -1017) + 3 + -5 + 1?
4
Let l(t) be the first derivative of 25*t**2/2 - 4*t - 8. What is the units digit of l(2)?
6
Let b = 46 + -50. What is the units digit of 97 - ((b - -4) + 0)?
7
Let a = 136 - 273. Let i = 281 + a. What is the hundreds digit of i?
1
Suppose -5*j - 46 = 3*f, 3*f + 3*j + 7 = -29. Let s be f/(14/(-8)) - 66. What is the units digit of -6 + 2 - -3 - s?
1
Let r = 2703 + -1738. Suppose 12*d = 17*d - r. What is the units digit of d?
3
Let j(n) = -100*n**2 - 3*n + 5. Let u be j(2). Let a = -284 - u. What is the tens digit of a?
1
Let r(c) = -6*c**2 - 2 - 3*c + 8*c**2 - c - c**2. What is the units digit of r(7)?
9
Let f = -507 + 560. What is the tens digit of f?
5
What is the units digit of ((-3276)/5)/(-1) - (-4)/5?
6
Suppose -z - 677 = -n, -4*z + 1 = 5. What is the tens digit of n?
7
Suppose -20*y = -14*y - 3126. What is the hundreds digit of y?
5
Let n(y) = 3*y + 29. Let j be n(-9). What is the tens digit of (69/12)/(3*j/72)?
6
Let t(p) = -p - 3. Let y be t(-2). Let z be -3 - (1 - (-7)/y). Suppose 4*s = z*s + 5*c + 62, -s + 56 = -2*c. What is the units digit of s?
2
Let g = 10208 - 4874. What is the tens digit of g?
3
Let w = -111 - -125. Let k(b) = -b**3 + 16*b**2 - 14*b - 31. What is the tens digit of k(w)?
6
Suppose -118 = 2*u + 94. What is the units digit of (u/6)/((-3)/9)?
3
Let q(k) = -k**3 + 6*k**2 + 9*k - 6. Let z be q(6). Let v = -24 + z. What is the units digit of (4/8)/(1/v)?
2
Suppose 22*i - 20*i = -2*d + 2602, 0 = 2*d + 5*i - 2593. What is the thousands digit of d?
1
Let j = -20 + 13. Let o = -2 - j. Suppose 48 = o*d - d. What is the tens digit of d?
1
Let m(o) = -o - 2. Let u be m(-9). Let w(r) = -9 - 2 + 0*r + u*r. What is the units digit of w(5)?
4
Let o = -711 - -1957. What is the tens digit of o?
4
Let p = 445 + -48. Let s = 579 - p. What is the hundreds digit of s?
1
Suppose -4*w = -2*w - 20. Suppose 4*d - 32 = -4*l, w = -2*d - 3*d + 5*l. Suppose 0 = d*k + 1 - 34. What is the units digit of k?
1
Let l be 10/(-2)*(-3)/5. Let k be (-1)/(-3 - -4)*0. Suppose -2*g + g = k, l*w - 9 = g. What is the units digit of w?
3
Let b = -1247 + 2795. What is the thousands digit of b?
1
Let g(b) = -b**3 + 17*b**2 + 68*b + 10. What is the hundreds digit of g(18)?
9
Let r be 1*(-4)/(-2) + 8. Let h be (0 - -1)/(5/r). Suppose 0*z = h*z - 36. What is the tens digit of z?
1
Let x = 3343 + -2229. What is the thousands digit of x?
1
Let a = 2628 + -1708. What is the tens digit of a?
2
Suppose -y = -4*w + 76, 0 = -2*y - 0*y - w - 188. Let i = y - -62. Let g = 2 - i. What is the tens digit of g?
3
Suppose 13*u - 5889 - 5798 = 0. What is the hundreds digit of u?
8
Let r = -4513 + 7782. What is the thousands digit of r?
3
Suppose l + 207 = 2*l. Let k be l/63 + 4/(-14). Suppose -k*w + 0*w + 56 = 5*x, w + 2*x - 17 = 0. What is the tens digit of w?
2
Let g(a) = -a**3 + 15*a**2 - 27*a + 3. What is the hundreds digit of g(12)?
1
Suppose 3*d - 25*l = -26*l + 512, -5*d - 3*l = -860. What is the hundreds digit of d?
1
Suppose o + 4 = -4*x, 3*x - 12 = -4*o + x. Suppose -o*y = -y - 48. What is the units digit of y?
6
Let t = 5108 + 334. What is the thousands digit of t?
5
Let j = -30 + 72. What is the tens digit of j?
4
Let m(q) be the first derivative of q**3/3 - 2*q**2 + 6. Let w be m(4). Suppose 5*p - 148 - 32 = w. What is the units digit of p?
6
Let p(g) = g**3 - 5*g**2 + 3*g + 3. Let i be p(4). Let r be -6 - (i + (-4)/(-4)). What is the units digit of r/(-10) + (-441)/(-15)?
0
Suppose 3*m - 2*m - 80 = 0. Suppose -m = 6*p - 8*p. Suppose 36 = 4*u - p. What is the tens digit of u?
1
Let t = 1968 - 1232. What is the tens digit of t?
3
Suppose -4*c - 2*c + 174 = 0. Let g = 94 - c. What is the tens digit of g?
6
Suppose 1568 = -2*p - 2*p. Let j = -131 - p. What is the hundreds digit of j?
2
Let p = -319 + 1015. Suppose -4*y = -y - 4*w - p, -w - 459 = -2*y. What is the tens digit of y?
2
Let r = 4 - -7. Suppose -t = 4*a + r, -5*t + 0*t - 15 = 0. What is the tens digit of 6/(-3)*23/a?
2
Let d(n) = -n**2 + 8*n + 6. Suppose 2*z + 4*y + 36 + 6 = 0, 2*y + 10 = 0. Let f = z - -18. What is the units digit of d(f)?
3
Suppose 3*s = -95*c + 90*c + 3473, -5*c + 3469 = 4*s. What is the hundreds digit of c?
6
Suppose g = 355 + 534. What is the units digit of g?
9
Let y be 1/2 -